number?
True
Suppose -6*j + 2*j = 8. Is 1/(-2) - 31/j a composite number?
True
Let q = -7 + 3. Let z(c) = -c**3 - 2*c**2 - 6*c - 1. Is z(q) a prime number?
False
Suppose -9 = 11*v + 13. Suppose 3*b = -4*a - 0 - 28, 36 = -4*b - 5*a. Is 20*b/v - 1 a composite number?
True
Suppose 2*f = -h - 0*f - 5, -5*h - 19 = 4*f. Let k(v) = -v**3 - 2*v**2 + v - 3. Let t be k(h). Suppose 100 + 41 = t*w. Is w a composite number?
False
Suppose r = -3*n - 0*n + 95, 4*r + 70 = 3*n. Let h be n/4*(-2)/(-3). Let i = h - 3. Is i prime?
True
Let s(z) = -z**2 - 7*z + 8. Let h be s(-8). Suppose -5*g + 2*r + 433 = h, -g - r - 13 = -101. Is g composite?
True
Let m(p) = p**2 - 6*p + 4. Let w be m(6). Let f = -73 - -45. Is ((-5)/w)/(1/f) prime?
False
Let n = -32 + 149. Let g = -90 - -26. Let p = g + n. Is p composite?
False
Let w(d) = -4*d**2 + 9 + 5*d**2 - 11*d + 0*d**2. Let j = 43 + -30. Is w(j) composite?
True
Suppose 2*m + m - p = 125, 5*m + p - 195 = 0. Suppose m + 87 = g. Is g a prime number?
True
Let n(d) = -2*d - 10. Let y be n(-6). Is 1*(695 - y) - 2 prime?
True
Let y(i) = 4*i**3 + 5*i**2 - i - 3. Let d(t) = t**3 - 3*t**2 + 4. Let b be d(3). Is y(b) a composite number?
True
Let j = 12 + -4. Let r = 25 + j. Is r a prime number?
False
Let j be 642/((-1)/3*-3). Is -4 + j/3 + 1 composite?
False
Suppose -n = -372 + 137. Is n composite?
True
Let l(s) = -s**2 + 7 + s - s - 3*s + s. Let q be l(-5). Is (-71)/(-2) + (-12)/q a prime number?
True
Let w = 12 - 27. Let k be (20/(-3))/(2/12). Let v = w - k. Is v a prime number?
False
Let z(j) = 6*j**2 + 2*j - 4. Let p be z(6). Suppose -4*m = -2*r + 92 + 14, -4*r = -4*m - p. Is r prime?
True
Suppose 0 = -3*s - 2 - 1. Let k(o) = -2*o**2. Let c be k(s). Is (2 - -728)*c/(-4) prime?
False
Let h = -11 + 12. Is (12/(-4))/h - -49 composite?
True
Let k be (-3 + 0)/3*1. Let w(o) = -42*o**3 + o**2. Is w(k) a composite number?
False
Suppose 5*s - a + 4 = -39, 0 = -s - 3*a - 15. Let o = 17 + s. Let u = -4 + o. Is u prime?
False
Is -4 - ((-118)/1 - 1) composite?
True
Let a be 31/(-2) - (-3)/6. Is a/20 + 8349/12 a composite number?
True
Suppose 0 = -2*w - 5*d + 1290, 5*w + 2*d - 3230 - 37 = 0. Is w a composite number?
True
Suppose 180*h - 177*h - 222 = 0. Is h a composite number?
True
Let f(m) = -m + 1. Let g be f(5). Let j = 5 + g. Is (138/j)/(4/2) a composite number?
True
Is 1/3 - 650/(-3) composite?
True
Is 14890/30 + (-4)/(-6) composite?
True
Let z = 312 + 749. Is z prime?
True
Let k = -77 - -108. Is k a prime number?
True
Suppose -5*c - 384 = -2*o - o, c + 3 = 0. Is o a prime number?
False
Suppose 2*v + 328 = 4*o, 410 = 3*o + 2*o + 5*v. Suppose -3*f - o = 2. Let x = 59 + f. Is x a composite number?
False
Suppose -60*h + 56*h = -1192. Is h prime?
False
Suppose 5*u = -4*t + 6, 3*t = -5*u + 3 - 1. Suppose k = t*k + 5*q - 74, -k = -3*q - 6. Suppose 0 = -2*w + 2*x - 5*x + k, 0 = 5*w - 3*x - 3. Is w composite?
False
Let o(l) = 141*l + 46. Is o(25) a prime number?
True
Suppose 0 = -i - 0 - 4. Let t = i + 7. Suppose 2*k = t + 35. Is k a prime number?
True
Is 5/(-25) + 312/10 a prime number?
True
Let o(l) = l**3 + 16*l**2 + 22*l + 15. Let g be o(-14). Suppose i = j + 114, -4*j = 2*i - i - g. Is i prime?
False
Let a be (6 + -7)/((-1)/(-23)). Let j = 82 - a. Suppose t + j = 6*t. Is t composite?
True
Suppose i + 0*i = 3. Suppose -i*k + 435 = 2*k. Is k composite?
True
Is 16/(-64) - (1 - 18339/12) prime?
False
Let q = -1272 - -2270. Is q composite?
True
Let v = 43 + -24. Is v a composite number?
False
Let b be (-2 - 1 - -1) + -51. Let s = b - -86. Is s prime?
False
Let h(b) = -37*b**2 - 3. Let f(z) = -19*z**2 - 2. Let a(x) = 5*f(x) - 3*h(x). Let n = -4 - -3. Is a(n) prime?
False
Suppose a - 17 = 3*n, -5*a + 5*n + 55 = 10. Suppose a*k - 5 = 0, -f - 5*k - 640 = -6*f. Is f prime?
False
Suppose 3*z = 2*v + 22, 3*v - 11 = -z + 11. Suppose 2*k - s + z = 4*s, 0 = -k + 2*s - 4. Is (-11)/((-1)/2 - k) prime?
False
Let k = -6 + 12. Suppose t = k*t - 745. Is t a prime number?
True
Suppose 0 = 2*d + 5*a + 48, d - 4*d - 26 = -4*a. Let n(z) = -3*z**2 - 3*z + 9. Let g(k) = 2*k**2 + 2*k - 9. Let j(r) = -4*g(r) - 3*n(r). Is j(d) prime?
True
Let v(d) = -140*d + 13. Let i(u) = 35*u - 3. Let l(q) = -9*i(q) - 2*v(q). Let m be l(-3). Suppose 0*x = 2*x - m. Is x a prime number?
True
Suppose l - k = k + 755, 2*l - k - 1522 = 0. Is l a composite number?
True
Suppose 5*y + 19 - 99 = 0. Suppose y + 16 = -4*p. Is 2/p + (-45)/(-4) a composite number?
False
Let d(k) = -9*k - 10. Suppose p + 0 = -9. Is d(p) prime?
True
Suppose -d + 2*d = -2. Let o be ((-6)/(-9))/(d/(-15)). Suppose 0 = -o*f + 94 + 1. Is f prime?
True
Let v = -12 + 15. Suppose v*i = 5*i - 326. Is i prime?
True
Let l(i) = 5*i - 4. Let f be l(12). Let x = 139 - f. Is x a prime number?
True
Let h be ((-2)/(-4))/((-2)/(-120)). Let m = 43 - h. Is m composite?
False
Let a = -1261 - -3440. Is a prime?
True
Let d(k) = 3*k - 6. Let n(g) = -4*g + 6. Let m(w) = -5*d(w) - 4*n(w). Let q be m(-7). Is 12 + 2 + 0 + q a composite number?
False
Let w = -75 + 114. Is w prime?
False
Let p(x) = -13*x**2 - 5*x + 3. Let l be p(3). Let y = 340 + l. Is y a composite number?
False
Is (0 - (-1)/(-3))*-1137 a prime number?
True
Let z be -246 - -1 - (1 - 0). Let u(w) = w**3 - 5*w**2 - 3*w - 5. Let p be u(5). Is z/(-10) + (-8)/p a prime number?
False
Let v(p) = 6*p - 1. Let m be v(3). Suppose -5*w + 61 = q + 214, 0 = 4*w - 5*q + 105. Let h = m - w. Is h composite?
False
Let v(c) be the second derivative of -c**5/20 - c**4/2 - 4*c**3/3 - c**2 - 2*c. Let j be v(-6). Suppose 3*f = j + 29. Is f a prime number?
False
Let v = 1272 + 3145. Is v a prime number?
False
Suppose 5*x = 3*b + 23 - 8, 3*b + 9 = 3*x. Let r(q) = q + 1. Let t be r(x). Suppose 5*c + 0*c + 24 = d, t*d - 4*c - 176 = 0. Is d a composite number?
True
Let k(z) = -5*z + 1. Let y be 2/((0 - 1) + 3). Let h be k(y). Is 639/7 - h/(-14) prime?
False
Suppose -6 = -3*h, 5*b + h + 517 = -311. Is b/((-2 + 0)*1) a composite number?
False
Suppose n = -4*n. Suppose n = -4*d - 5*j + 332, 4*d - 5*j = d + 249. Is d a prime number?
True
Suppose -5*y + 9585 = -y - v, 2*y - 4770 = -4*v. Is y prime?
False
Let z be (-97)/(-5) - 12/30. Let p be -1 - (z/(-1) - -2). Is (-12)/p + (-782)/(-8) a prime number?
True
Let g = -6 - 0. Let m = g - -9. Suppose -69 = -3*i - m. Is i a prime number?
False
Let u = 9 + 29. Suppose i - 5*s - 194 = -2*i, -i = 5*s - u. Is i prime?
False
Let c(f) = -3*f - 1. Let m be c(1). Let n be 1/(-2) - 426/m. Suppose -7*u + 3*u + 12 = 0, -3*u = k - n. Is k composite?
False
Let q(r) = 520*r + 1. Is q(3) a composite number?
True
Is ((-2)/(12/(-9)))/(1/22) prime?
False
Suppose 66 = 5*o - 4. Is o a prime number?
False
Let q(g) = 31*g - 6. Let w be q(-10). Let s = -189 - w. Is s a composite number?
False
Let n(m) = -143*m**3. Is n(-1) a composite number?
True
Suppose 0 = -3*j + 121 + 38. Is j a prime number?
True
Suppose -u - 5*m = 20, -9 - 3 = 3*m. Suppose -o = 4*i - 15 - 13, 5*o - 20 = u. Suppose -2*v = -v + 3*x - i, -47 = -5*v + 2*x. Is v a composite number?
True
Let v = 41 + 4. Suppose -v = 4*j + 3. Is (-4)/(j/(-147))*-1 prime?
False
Suppose -3*s = -5*v - 0*v - 4877, 6456 = 4*s + 5*v. Is s prime?
True
Is (0 + (-5)/(-5))/((-2)/(-442)) prime?
False
Is 12/18 + (-499)/(-3) composite?
False
Suppose -3*x + 5962 = -2*l + l, 4*l = 2*x - 3978. Is x composite?
False
Suppose 0 = d + 2*w - 909, 3*d + 2*w = -d + 3666. Is d a composite number?
False
Is 7 + 0 + -3 + 291 a composite number?
True
Let j be (8/(-20))/(1/(-15)). Is 3/(j/4) + 17 a composite number?
False
Suppose 4*n + 41 = -5*o, -1 = 4*n - 2*o - o. Let q = n - -4. Is (q/3)/3 - -161 composite?
True
Let b(j) = 42*j - 19. Is b(10) composite?
False
Let f(a) = -9 + 0*a**2 + a**3 + 8*a - 4*a - 2*a**2. Is f(6) a prime number?
False
Suppose -56*j + 1753 = -55*j. Is j a composite number?
False
Let s = -1013 + 2200. Is s composite?
False
Suppose -24 = -f - 4*j, j - 2 = 2. Suppose 0*p = 4*p. Suppose c - f = 3*c, -4*m - c + 360 = p. Is m prime?
False
Let n = 295 + -150. Is n a prime number?
False
Is 11130/50 - (-2)/5 a composite number?
False
Suppose -2*d - 3*d - 1950 = 0. Is 1 + d/(1 - 4) a composite number?
False
Is (-4)/(-18) + 5065/9 a composite number?
False
Let g be 645/(-21) - (-4)/(-14). Suppose 0 = -u - u + 160. Let h = u + g. Is h a prime number?